{"id":2032,"date":"2019-08-27T04:25:42","date_gmt":"2019-08-27T02:25:42","guid":{"rendered":"http:\/\/beguines.info\/?page_id=2032"},"modified":"2019-08-27T04:25:42","modified_gmt":"2019-08-27T02:25:42","slug":"alyt-bake-1415-1455","status":"publish","type":"page","link":"https:\/\/beguines.info\/?page_id=2032","title":{"rendered":"Alyt BAKE ( 1415-1455)"},"content":{"rendered":"<p><img data-recalc-dims=\"1\" loading=\"lazy\" decoding=\"async\" data-attachment-id=\"2033\" data-permalink=\"https:\/\/beguines.info\/?attachment_id=2033\" data-orig-file=\"https:\/\/i0.wp.com\/beguines.info\/wp-content\/uploads\/2019\/08\/Alyt-Bake.jpg?fit=378%2C499&amp;ssl=1\" data-orig-size=\"378,499\" data-comments-opened=\"0\" data-image-meta=\"{&quot;aperture&quot;:&quot;0&quot;,&quot;credit&quot;:&quot;&quot;,&quot;camera&quot;:&quot;&quot;,&quot;caption&quot;:&quot;&quot;,&quot;created_timestamp&quot;:&quot;0&quot;,&quot;copyright&quot;:&quot;&quot;,&quot;focal_length&quot;:&quot;0&quot;,&quot;iso&quot;:&quot;0&quot;,&quot;shutter_speed&quot;:&quot;0&quot;,&quot;title&quot;:&quot;&quot;,&quot;orientation&quot;:&quot;0&quot;}\" data-image-title=\"Alyt Bake\" data-image-description=\"\" data-image-caption=\"\" data-large-file=\"https:\/\/i0.wp.com\/beguines.info\/wp-content\/uploads\/2019\/08\/Alyt-Bake.jpg?fit=378%2C499&amp;ssl=1\" class=\"alignleft size-medium wp-image-2033\" src=\"https:\/\/i0.wp.com\/beguines.info\/wp-content\/uploads\/2019\/08\/Alyt-Bake.jpg?resize=227%2C300&#038;ssl=1\" alt=\"\" width=\"227\" height=\"300\" srcset=\"https:\/\/i0.wp.com\/beguines.info\/wp-content\/uploads\/2019\/08\/Alyt-Bake.jpg?resize=227%2C300&amp;ssl=1 227w, https:\/\/i0.wp.com\/beguines.info\/wp-content\/uploads\/2019\/08\/Alyt-Bake.jpg?w=378&amp;ssl=1 378w\" sizes=\"auto, (max-width: 227px) 85vw, 227px\" \/><\/p>\n<p>Elle a \u00e9t\u00e9 prieure au couvent Galil\u00e9e des chanoinesses de St Augustin \u00e0 Gand. Alyt d\u00e9crit \u00able chemin de croix\u00bb d\u2019apr\u00e8s 4 mani\u00e8res amenant \u00e0 une participation spirituelle \u00e0 la souffrance et \u00e0 l\u2019identification avec le Christ.<\/p>","protected":false},"excerpt":{"rendered":"<p>Elle a \u00e9t\u00e9 prieure au couvent Galil\u00e9e des chanoinesses de St Augustin \u00e0 Gand. Alyt d\u00e9crit \u00able chemin de croix\u00bb d\u2019apr\u00e8s 4 mani\u00e8res amenant \u00e0 une participation spirituelle \u00e0 la souffrance et \u00e0 l\u2019identification avec le Christ.<\/p>\n","protected":false},"author":2,"featured_media":0,"parent":0,"menu_order":0,"comment_status":"closed","ping_status":"closed","template":"","meta":{"jetpack_post_was_ever_published":false,"footnotes":""},"class_list":["post-2032","page","type-page","status-publish","hentry"],"jetpack_sharing_enabled":true,"jetpack_shortlink":"https:\/\/wp.me\/P7N1g3-wM","jetpack-related-posts":[{"id":2156,"url":"https:\/\/beguines.info\/?page_id=2156","url_meta":{"origin":2032,"position":0},"title":"Autres en Belgique","author":"Silvana Panciera","date":"mercredi 28 ao\u00fbt 2019","format":false,"excerpt":"Agn\u00e8s d\u2019ANTH\u00c9E (XIVe) (voir ci-dessous Joan d\u2019ANTH\u00c9E) Christine COUCKE (XVe) Peu de temps apr\u00e8s 1471, cette b\u00e9guine de Sainte-Elisabeth \u00e0 Courtrai l\u00e8gue sa maison \u00e0 la fille de son neveu, Jaenkin't Kint Joos, qui avait alors 11 ans et vivait probablement avec elle, si elle promettait de devenir B\u00e9guine \u00e0\u2026","rel":"","context":"Article similaire","block_context":{"text":"Article similaire","link":""},"img":{"alt_text":"","src":"https:\/\/i0.wp.com\/beguines.info\/wp-content\/uploads\/2019\/08\/belgique-300x228.jpg?resize=350%2C200","width":350,"height":200},"classes":[]},{"id":2548,"url":"https:\/\/beguines.info\/?page_id=2548","url_meta":{"origin":2032,"position":1},"title":"Maria PETYT (1623-1677)","author":"Silvana Panciera","date":"dimanche  1 septembre 2019","format":false,"excerpt":"Maria Petyt, n\u00e9e en 1642, \u00e9tait la fille a\u00een\u00e9e d'une famille de la classe moyenne d\u2019Hazebrouck, une ville du nord de la France qui, \u00e0 l'\u00e9poque, faisait encore partie des Pays-Bas m\u00e9ridionaux. D\u00e8s tr\u00e8s jeune, elle aspirait \u00e0 la vie religieuse. R\u00e9aliser cet id\u00e9al s'est av\u00e9r\u00e9 \u00eatre un long chemin,\u2026","rel":"","context":"Article similaire","block_context":{"text":"Article similaire","link":""},"img":{"alt_text":"","src":"https:\/\/i0.wp.com\/beguines.info\/wp-content\/uploads\/2019\/09\/Maria-Petyt-197x300.jpg?resize=350%2C200","width":350,"height":200},"classes":[]},{"id":2370,"url":"https:\/\/beguines.info\/?page_id=2370","url_meta":{"origin":2032,"position":2},"title":"Marcella VAN HOECKE (1908-2008)","author":"Silvana Panciera","date":"jeudi 29 ao\u00fbt 2019","format":false,"excerpt":"\"La derni\u00e8re b\u00e9guine de Gand, Marcella Van Hoecke, est d\u00e9c\u00e9d\u00e9e mercredi (21 mai) dans une maison de repos gantoise. Marcella Van Hoecke allait avoir 100 ans. Sa mort marque la fin d'une pr\u00e9sence de 800 ans des b\u00e9guines \u00e0 Gand. Marcella Van Hoecke est n\u00e9e le 28 juillet 1908 \u00e0\u2026","rel":"","context":"Article similaire","block_context":{"text":"Article similaire","link":""},"img":{"alt_text":"","src":"https:\/\/i0.wp.com\/beguines.info\/wp-content\/uploads\/2017\/08\/Marcella-Van-Hoecke-1.jpg?resize=350%2C200","width":350,"height":200},"classes":[]},{"id":2190,"url":"https:\/\/beguines.info\/?page_id=2190","url_meta":{"origin":2032,"position":3},"title":"Christina of MARKYATE (ca.1096-1154)","author":"Silvana Panciera","date":"mercredi 28 ao\u00fbt 2019","format":false,"excerpt":"\u00ab C\u2019est \u00e0 un manuscrit du XIVe si\u00e8cle, conserv\u00e9 \u00e0 la British Library \u00e0 Londres, que nous devons tout ce que nous savons aujourd'hui de l'une des figures les plus fascinantes et les moins connues du mysticisme m\u00e9di\u00e9val: Christina de Markyate, une anachor\u00e8te la\u00efque anglaise, plus tard moniale. C\u2019est le\u2026","rel":"","context":"Article similaire","block_context":{"text":"Article similaire","link":""},"img":{"alt_text":"","src":"https:\/\/i0.wp.com\/beguines.info\/wp-content\/uploads\/2017\/08\/christina-di-Markyate.jpg?resize=350%2C200","width":350,"height":200},"classes":[]},{"id":2413,"url":"https:\/\/beguines.info\/?page_id=2413","url_meta":{"origin":2032,"position":4},"title":"Maria LEPORINI (1951-2015)","author":"Silvana Panciera","date":"vendredi 30 ao\u00fbt 2019","format":false,"excerpt":"Derni\u00e8re de six enfants, Maria est n\u00e9e d'une famille pauvre qu'elle aimait d\u00e9finir \"capable d'affections sereines et de joie\". \u00c0 14 ans, elle d\u00e9cide de faire partie de la congr\u00e9gation des stigmatines, fond\u00e9e par Anna Fiorelli Lapini (1809-1860) lorsqu\u2019en 1850, elle cr\u00e9a l'Institut des filles pauvres des saints stigmates de\u2026","rel":"","context":"Article similaire","block_context":{"text":"Article similaire","link":""},"img":{"alt_text":"","src":"https:\/\/i0.wp.com\/beguines.info\/wp-content\/uploads\/2017\/08\/Maria-Leporini-300x224.jpg?resize=350%2C200","width":350,"height":200},"classes":[]},{"id":2363,"url":"https:\/\/beguines.info\/?page_id=2363","url_meta":{"origin":2032,"position":5},"title":"Marcella PATTIJN (1920- 2013)","author":"Silvana Panciera","date":"jeudi 29 ao\u00fbt 2019","format":false,"excerpt":"La derni\u00e8re b\u00e9guine au monde meurt durant son sommeil le dimanche 14 avril 2013 \u00e0 Kortrijck dans le home Sint-Jozef qui l\u2019avait accueillie apr\u00e8s qu\u2019elle ait habit\u00e9 dans le b\u00e9guinage de Kortrijck (Courtrai) de 1960 \u00e0 2005. C\u2019est en s\u2019int\u00e9grant dans la communaut\u00e9 du Mont-Saint-Amand (Gent) que Marcella\u00a0 d\u00e9marre son\u2026","rel":"","context":"Article similaire","block_context":{"text":"Article similaire","link":""},"img":{"alt_text":"","src":"https:\/\/i0.wp.com\/beguines.info\/wp-content\/uploads\/2017\/08\/marcella-Pattijn.jpg?resize=350%2C200","width":350,"height":200},"classes":[]}],"_links":{"self":[{"href":"https:\/\/beguines.info\/index.php?rest_route=\/wp\/v2\/pages\/2032","targetHints":{"allow":["GET"]}}],"collection":[{"href":"https:\/\/beguines.info\/index.php?rest_route=\/wp\/v2\/pages"}],"about":[{"href":"https:\/\/beguines.info\/index.php?rest_route=\/wp\/v2\/types\/page"}],"author":[{"embeddable":true,"href":"https:\/\/beguines.info\/index.php?rest_route=\/wp\/v2\/users\/2"}],"replies":[{"embeddable":true,"href":"https:\/\/beguines.info\/index.php?rest_route=%2Fwp%2Fv2%2Fcomments&post=2032"}],"version-history":[{"count":2,"href":"https:\/\/beguines.info\/index.php?rest_route=\/wp\/v2\/pages\/2032\/revisions"}],"predecessor-version":[{"id":2036,"href":"https:\/\/beguines.info\/index.php?rest_route=\/wp\/v2\/pages\/2032\/revisions\/2036"}],"wp:attachment":[{"href":"https:\/\/beguines.info\/index.php?rest_route=%2Fwp%2Fv2%2Fmedia&parent=2032"}],"curies":[{"name":"wp","href":"https:\/\/api.w.org\/{rel}","templated":true}]}}

<p><img data-recalc-dims="1" loading="lazy" decoding="async" data-attachment-id="2033" data-permalink="https://beguines.info/?attachment_id=2033" data-orig-file="https://i0.wp.com/beguines.info/wp-content/uploads/2019/08/Alyt-Bake.jpg?fit=378%2C499&amp;ssl=1" data-orig-size="378,499" data-comments-opened="0" data-image-meta="{&quot;aperture&quot;:&quot;0&quot;,&quot;credit&quot;:&quot;&quot;,&quot;camera&quot;:&quot;&quot;,&quot;caption&quot;:&quot;&quot;,&quot;created_timestamp&quot;:&quot;0&quot;,&quot;copyright&quot;:&quot;&quot;,&quot;focal_length&quot;:&quot;0&quot;,&quot;iso&quot;:&quot;0&quot;,&quot;shutter_speed&quot;:&quot;0&quot;,&quot;title&quot;:&quot;&quot;,&quot;orientation&quot;:&quot;0&quot;}" data-image-title="Alyt Bake" data-image-description="" data-image-caption="" data-large-file="https://i0.wp.com/beguines.info/wp-content/uploads/2019/08/Alyt-Bake.jpg?fit=378%2C499&amp;ssl=1" class="alignleft size-medium wp-image-2033" src="https://i0.wp.com/beguines.info/wp-content/uploads/2019/08/Alyt-Bake.jpg?resize=227%2C300&#038;ssl=1" alt="" width="227" height="300" srcset="https://i0.wp.com/beguines.info/wp-content/uploads/2019/08/Alyt-Bake.jpg?resize=227%2C300&amp;ssl=1 227w, https://i0.wp.com/beguines.info/wp-content/uploads/2019/08/Alyt-Bake.jpg?w=378&amp;ssl=1 378w" sizes="auto, (max-width: 227px) 85vw, 227px" /></p>
<p>Elle a été prieure au couvent Galilée des chanoinesses de St Augustin à Gand. Alyt décrit «le chemin de croix» d’après 4 manières amenant à une participation spirituelle à la souffrance et à l’identification avec le Christ.</p>

<p>Elle a été prieure au couvent Galilée des chanoinesses de St Augustin à Gand. Alyt décrit «le chemin de croix» d’après 4 manières amenant à une participation spirituelle à la souffrance et à l’identification avec le Christ.</p>

mercredi 28 août 2019

Agnès d’ANTHÉE (XIVe) (voir ci-dessous Joan d’ANTHÉE) Christine COUCKE (XVe) Peu de temps après 1471, cette béguine de Sainte-Elisabeth à Courtrai lègue sa maison à la fille de son neveu, Jaenkin't Kint Joos, qui avait alors 11 ans et vivait probablement avec elle, si elle promettait de devenir Béguine à…

Maria Petyt, née en 1642, était la fille aînée d'une famille de la classe moyenne d’Hazebrouck, une ville du nord de la France qui, à l'époque, faisait encore partie des Pays-Bas méridionaux. Dès très jeune, elle aspirait à la vie religieuse. Réaliser cet idéal s'est avéré être un long chemin,…

jeudi 29 août 2019

"La dernière béguine de Gand, Marcella Van Hoecke, est décédée mercredi (21 mai) dans une maison de repos gantoise. Marcella Van Hoecke allait avoir 100 ans. Sa mort marque la fin d'une présence de 800 ans des béguines à Gand. Marcella Van Hoecke est née le 28 juillet 1908 à…

« C’est à un manuscrit du XIVe siècle, conservé à la British Library à Londres, que nous devons tout ce que nous savons aujourd'hui de l'une des figures les plus fascinantes et les moins connues du mysticisme médiéval: Christina de Markyate, une anachorète laïque anglaise, plus tard moniale. C’est le…

vendredi 30 août 2019

Dernière de six enfants, Maria est née d'une famille pauvre qu'elle aimait définir "capable d'affections sereines et de joie". À 14 ans, elle décide de faire partie de la congrégation des stigmatines, fondée par Anna Fiorelli Lapini (1809-1860) lorsqu’en 1850, elle créa l'Institut des filles pauvres des saints stigmates de…

La dernière béguine au monde meurt durant son sommeil le dimanche 14 avril 2013 à Kortrijck dans le home Sint-Jozef qui l’avait accueillie après qu’elle ait habité dans le béguinage de Kortrijck (Courtrai) de 1960 à 2005. C’est en s’intégrant dans la communauté du Mont-Saint-Amand (Gent) que Marcella  démarre son…
